5. Suppose 158 = 5*z + 3*y + 29, a*y = 2*z - 62. What are the prime factors of z?
3
Suppose 4*p = -4*w + 44, 4*w - 17 = -3*p + 5*w. Suppose -132 = -p*k + 127. What are the prime factors of k?
37
Suppose -3*k = 3*n - 2705 + 200, -4*n + 4173 = 5*k. List the prime factors of k.
7, 17
Suppose i = -2*m + 6*i - 10, -5*m + 5*i = 10. Suppose 2*h = -3*c - m + 5, -2*c = -5*h + 22. Suppose -72 = -4*d + h. What are the prime factors of d?
19
Suppose -g = -4*v + 7, g = -2*v - 4*g + 9. Suppose -v = -p + 5. What are the prime factors of p?
7
Let h(d) = 3*d**2 - 11*d - 47. What are the prime factors of h(-19)?
3, 5, 83
Suppose 0 = 3*j - 12, -2*j + 120 = 5*r + 1657. Let m = 445 + r. What are the prime factors of m?
2, 17
Let f be (-322)/(-9) + (-20)/(-90). Let d = f + -32. List the prime factors of d.
2
Let w(d) = d + 6. Let t be w(0). Suppose u = t - 1. Suppose -3*c - j + 16 = -30, -u*j + 43 = 4*c. What are the prime factors of c?
17
Suppose 6*f + 3*h = 2*f + 11, 0 = -2*f + 4*h. List the prime factors of f.
2
Suppose -3*k = -2*k - 4. Let u(x) be the third derivative of x**5/30 + x**4/12 + 4*x**3/3 + 29*x**2. List the prime factors of u(k).
2, 3
Suppose -r + 9 = 1. Suppose r*k + 13 = 9*k. What are the prime factors of k?
13
Let j be 3/(1 + (-24)/21). Let k = j - -25. What are the prime factors of (4/(-6))/(k/(-156))?
2, 13
Let d(p) = p**2 + 6*p + 51. List the prime factors of d(-36).
3, 13, 29
Suppose -135*a + 133*a + 1852 = 0. What are the prime factors of a?
2, 463
Let x(y) = -y**2 + y - y**3 - y**2 - 4*y - 3 + 5. Let i be x(-2). Let g = 44 - i. What are the prime factors of g?
2, 3
Let w = 110 + -110. Let t(x) = -x**3 + 7*x**2 + 8*x + 8. Let r be t(8). Suppose i + i - r = w. What are the prime factors of i?
2
Suppose -9*s = -13*s - 148. Let f = 103 + s. What are the prime factors of f?
2, 3, 11
Let d(t) be the third derivative of -t**6/120 - t**5/10 - t**4/4 - 7*t**3/6 - 5*t**2. Let f be d(-5). What are the prime factors of f*(-6 - (-3 - -4))?
2, 7
Suppose 2839 = -28*v + 45*v. List the prime factors of v.
167
Suppose 3 = 2*g - 9. Suppose -9 = g*o - 3*o. List the prime factors of o*(-11)/(-3)*-1.
11
Suppose -3*j - 1 = -7. Suppose d - 48 = -j*d. Suppose d = u - 9. What are the prime factors of u?
5
Suppose -f + 4 = 1. Suppose f = -b + 20. List the prime factors of b.
17
Let j = 1612 - 69. List the prime factors of j.
1543
Let l be 8/(-2) + (-14)/(-2). Suppose 4*d - l*d = -4*f - 4, 2*f = 4*d - 20. Suppose -2*j - d*j = -276. List the prime factors of j.
2, 23
Let k(g) = g**3 - 8*g**2 + 9*g - 1. Suppose -2*q + 7 = -q. List the prime factors of k(q).
13
Suppose 0 = -0*i - 2*i + 6. Let z be -1 + 0 - -2 - -3. Suppose 0 = 3*y - z*c + 3, c - i*c = -2*y. List the prime factors of y.
3
Let o be 170/8*(-2 - -4)*-2. What are the prime factors of 298/12 - (o/(-30) + -3)?
5
Let u = 1189 - -2122. List the prime factors of u.
7, 11, 43
Let c(h) = 4*h**2 + 13*h - 13. Let x(d) = d + 1. Let v be x(5). List the prime factors of c(v).
11, 19
Suppose -5*s + 51 = 2*j, 0 = -4*s + 1 - 13. What are the prime factors of j?
3, 11
Let p(z) be the third derivative of -10*z**2 + 7/3*z**3 + 0 + 1/24*z**4 + 0*z. What are the prime factors of p(0)?
2, 7
Suppose -2*n + 0*h = 3*h - 1058, 5*n + h = 2658. Let x be (-4)/18 + n/(-36). Let m = x - -40. List the prime factors of m.
5
List the prime factors of (-1666)/4*(-36)/18.
7, 17
Suppose -4*n = -12, -4*c = c - 2*n - 4. List the prime factors of (-3)/c*8*(-3)/18.
2
Let z(p) = -p**3 + 7*p**2 + 2*p - 14. Let s be z(7). Suppose 2*n + 2*n - 84 = s. Let q = -19 + n. List the prime factors of q.
2
Suppose 0 = z + 2*z + 2*u - 17, 5*u - 25 = -4*z. Suppose 2*w = w + a + 129, 20 = z*a. What are the prime factors of w?
7, 19
Suppose -2*z = 4*q - 2298, -1555 = -5*q + 2*z + 1322. What are the prime factors of q?
5, 23
Let c = 7909 - 3706. List the prime factors of c.
3, 467
Let j = 101 + -41. What are the prime factors of j + ((-22)/(-8) - 1/(-4))?
3, 7
Suppose 0 = -17*p + 7482 + 151. List the prime factors of p.
449
Let n(r) = 32*r**2 + r - 4. Let t be n(2). Suppose d + t = 3*d. What are the prime factors of d?
3, 7
Suppose 35637 = 12*j - 3351. List the prime factors of j.
3, 19
Let h = -70 - -78. Suppose -45*f = -44*f - h. What are the prime factors of f?
2
Suppose 0 = -22*h + 12710 + 556. What are the prime factors of h?
3, 67
Let h(a) = 114*a**2 - 4*a - 8. List the prime factors of h(3).
2, 503
Let i(w) = w**2 + 8*w - 20. Let c be i(7). Let q = -36 + c. What are the prime factors of q?
7
Suppose -37 = 2*o + 5*d + 11, 3*d = 0. What are the prime factors of (6/20*o)/((-88)/1100)?
2, 3, 5
Let x be -5 - (4/6)/(6/(-9)). Let w be (-3)/(-4)*-1*-4. Let g = w - x. What are the prime factors of g?
7
Suppose -2*m + 4*n = -2592, m - 4*m - n = -3867. What are the prime factors of m?
2, 3, 5, 43
Suppose 1 + 2 = 3*h. Let b be 6 + -5 + 1 + 3. Let p = h + b. What are the prime factors of p?
2, 3
Let k = -6 - -8. Let m be 6 - 0 - (3 - k). What are the prime factors of (2 + 0)/(1/m)?
2, 5
Let s(p) = p**3 + 2*p**2 + 3*p - 43. List the prime factors of s(4).
5, 13
Suppose -2*k + 348 = 30. Let o = -78 + k. List the prime factors of o.
3
Let m = 23 - 23. Suppose 5*r = -m*r + 260. List the prime factors of r.
2, 13
Let g = 273 + 74. List the prime factors of g.
347
Let m = -13 - -15. Suppose m*c + 6 = -0. List the prime factors of c/(5/(440/(-12))).
2, 11
Let g(u) = u**2 + 5*u - 4. Let w be g(-8). Let m = 15 - 26. Let j = w + m. What are the prime factors of j?
3
Let s = 468 + -230. Suppose 85 - s = -3*c. List the prime factors of c.
3, 17
Let b = -123 + 143. What are the prime factors of -57*32/b*10/(-3)?
2, 19
Let g = -3086 - -5796. What are the prime factors of g?
2, 5, 271
Let b = 14 - 17. Let g be (4/12)/(1/b). Let c = g + 16. List the prime factors of c.
3, 5
Let o = -125 - -125. Suppose 5*t - 2*w - 305 = o, -69 = -2*t - 3*w + 53. What are the prime factors of t?
61
Suppose 5*l + 4 = 3*m + 19, -4*l + 12 = 2*m. Suppose 2*x - x - 2 = m. Suppose 6*n = x*n + 88. List the prime factors of n.
2, 11
Let i = 2777 + -1666. What are the prime factors of i?
11, 101
Let k = 84 - 14. Suppose x = -5*b + 47, 4*x = 2*b + 96 + k. List the prime factors of x.
2, 3, 7
Suppose 3*i + 3*c = -2*c + 1257, -3*i + 1248 = 2*c. List the prime factors of i.
2, 3, 23
What are the prime factors of (436/981)/(4/7362)?
2, 409
Let n(v) = -3*v + 19. Let t be n(8). Let f = t - -49. List the prime factors of f.
2, 11
Suppose h + 13 - 38 = 3*a, 0 = -5*h + 5*a + 145. Let k(d) = d**2 + 13*d + 7. Let l be k(-9). Let s = h + l. List the prime factors of s.
2
Suppose -c - 22 = -p - 6*c, 2*p = 2*c - 4. Suppose 77 - 26 = o + 3*t, -p*o + 103 = 5*t. List the prime factors of o.
2, 3
Let o be 2 + 3*4/(-6). Suppose o = 3*k - 0*k - 129. What are the prime factors of k?
43
Suppose 3*l - 1 - 3 = f, l = f - 4. Suppose -3*h = -f*h + 180. Suppose h = -s + 3*s. List the prime factors of s.
2, 3
Suppose 9882 = 19*k - 9042. What are the prime factors of k?
2, 3, 83
Let n(h) = h**3 - 6*h**2 - 8*h + 7. Let t be n(7). Suppose x - 35 - 100 = t. Suppose 4*i - x + 35 = 0. What are the prime factors of i?
5
Let r(o) = -324*o - 14. What are the prime factors of r(-1)?
2, 5, 31
Suppose -9*i = -4*i + v - 1935, 3*i - 2*v = 1174. Suppose -2*t - 2*t + i = 0. What are the prime factors of t?
97
Let d be 3/(-6)*4 - -5. Suppose 14 - 80 = d*m - 3*j, -m + 2*j - 25 = 0. Let x = 34 + m. What are the prime factors of x?
3, 5
Let j(v) = v**3 + v**2 - 4*v - 3. Let o be j(4). Suppose 4*q + f - o = 0, 0 = -3*q + q + 4*f + 26. What are the prime factors of (5/q)/(2/132)?
2, 11
What are the prime factors of 5638/3 - (204/18 - 11)?
1879
Let d = 6 + -7. What are the prime factors of 5 + -1 - d - 0?
5
Let a = 14 - 6. Suppose -258 = -a*c + 102. List the prime factors of c.
3, 5
Let q be 9/4 + (-2)/8. Let p be q/13 + 9268/91. Suppose 4*g = -5*d + p, 3*d = 4*d - 2*g - 26. List the prime factors of d.
2, 11
Let r = -1 - -8. Suppose -t = -r*t. Suppose -2*o + 0*o + 16 = t. What are the prime factors of o?
2
Let z(k) = 3*k**2 - 10*k - 4. Let h be z(4). Suppose -2*i + 2*d = -6*i + 1096, h*d = -2*i + 536. What are the prime factors of i?
2, 3, 23
Suppose 4*k = 131 + 157. What are the prime factors of k?
2, 3
Let w(l) = -l**3 - 5*l**2 - 3*l + 2. Let a be w(-6). Su